0507
What are the prime factors of 98867109?
3, 11, 2995973
List the prime factors of 396023403.
3, 19, 1409, 4931
What are the prime factors of 978519335?
5, 563, 347609
List the prime factors of 274897694.
2, 137448847
List the prime factors of 866654806.
2, 79, 5485157
List the prime factors of 307962773.
19, 31, 522857
What are the prime factors of 3164269767?
3, 43, 523, 46901
List the prime factors of 168862456.
2, 7, 31, 211, 461
List the prime factors of 4340056.
2, 7, 19, 4079
List the prime factors of 51376970.
2, 5, 223, 23039
List the prime factors of 341810205.
3, 5, 11, 137, 15121
What are the prime factors of 245509951?
245509951
List the prime factors of 126510505.
5, 11, 227, 10133
List the prime factors of 9034697052.
2, 3, 733, 342379
List the prime factors of 792031025.
5, 89, 355969
What are the prime factors of 1999973710?
2, 5, 7, 4081579
List the prime factors of 6520712671.
11, 592792061
List the prime factors of 2493822.
2, 3, 227, 1831
List the prime factors of 1034546624.
2, 23, 702817
List the prime factors of 5086820166.
2, 3, 847803361
List the prime factors of 74130826.
2, 7, 11, 68767
What are the prime factors of 112462736?
2, 7028921
What are the prime factors of 6989725895?
5, 43, 83, 391691
List the prime factors of 1717453419.
3, 11, 52044043
List the prime factors of 790593397.
11, 71872127
List the prime factors of 35073510.
2, 3, 5, 421, 2777
List the prime factors of 16444670.
2, 5, 11, 149497
What are the prime factors of 269619066?
2, 3, 97, 307, 503
What are the prime factors of 1781593059?
3, 211, 367, 7669
List the prime factors of 19141729.
569, 33641
What are the prime factors of 32521481?
97, 335273
What are the prime factors of 1855066031?
7, 13, 20385341
What are the prime factors of 93168852?
2, 3, 7, 47, 23599
List the prime factors of 102871732.
2, 23, 101, 11071
List the prime factors of 54390597.
3, 19, 954221
What are the prime factors of 6903078?
2, 3, 7, 13, 47, 269
List the prime factors of 561106132.
2, 140276533
What are the prime factors of 134632683?
3, 349, 42863
List the prime factors of 502751318.
2, 239, 1051781
List the prime factors of 3526545880.
2, 5, 11, 13, 616529
What are the prime factors of 57152159?
127, 311, 1447
List the prime factors of 207138947.
207138947
What are the prime factors of 23893795?
5, 4778759
What are the prime factors of 267815147?
67, 3997241
What are the prime factors of 75742313?
75742313
What are the prime factors of 873825782?
2, 436912891
What are the prime factors of 2509517043?
3, 11, 379, 66883
What are the prime factors of 35342044?
2, 43, 205477
List the prime factors of 1392285963.
3, 2069, 224309
What are the prime factors of 401853261?
3, 29, 53, 87151
What are the prime factors of 1192463560?
2, 5, 19, 617, 2543
List the prime factors of 112213122.
2, 3, 7, 29, 181, 509
What are the prime factors of 102924618?
2, 3, 17154103
What are the prime factors of 147371795?
5, 1283, 22973
What are the prime factors of 5128023?
3, 1709341
List the prime factors of 58886558.
2, 29443279
What are the prime factors of 3872890176?
2, 3, 41, 491983
What are the prime factors of 481584305?
5, 43, 601, 3727
List the prime factors of 3779035537.
137, 1999, 13799
List the prime factors of 2066238943.
2381, 867803
List the prime factors of 831315813.
3, 167, 409, 4057
What are the prime factors of 16401994?
2, 7, 29, 71, 569
What are the prime factors of 550129329?
3, 127, 481303
What are the prime factors of 55857339?
3, 6206371
What are the prime factors of 370122626?
2, 185061313
List the prime factors of 3949518669.
3, 23, 57239401
List the prime factors of 22117388.
2, 5529347
What are the prime factors of 21359666?
2, 401, 26633
What are the prime factors of 3804678?
2, 3, 70457
List the prime factors of 151057629.
3, 23, 81083
What are the prime factors of 2385499201?
197, 281, 43093
List the prime factors of 70829161.
13, 5448397
What are the prime factors of 87684537?
3, 29228179
List the prime factors of 53748160.
2, 5, 101, 1663
List the prime factors of 25980018.
2, 3, 23, 188261
What are the prime factors of 4293899154?
2, 3, 599, 132749
List the prime factors of 192397202.
2, 103, 933967
What are the prime factors of 62609911?
7, 13, 41, 97, 173
What are the prime factors of 1581299186?
2, 163, 2027, 2393
What are the prime factors of 1310742030?
2, 3, 5, 13, 263, 983
What are the prime factors of 104202874?
2, 52101437
List the prime factors of 116868988.
2, 1663, 17569
What are the prime factors of 534016908?
2, 3, 1039, 4759
List the prime factors of 218963107.
11, 19905737
What are the prime factors of 33104303?
103, 331, 971
What are the prime factors of 312526276?
2, 78131569
List the prime factors of 11620272.
2, 3, 109, 2221
List the prime factors of 66840911.
29, 433, 5323
List the prime factors of 1611501030.
2, 3, 5, 2609, 6863
List the prime factors of 5500428171.
3, 7, 179, 1123, 1303
What are the prime factors of 39950617?
7, 5707231
What are the prime factors of 261270055?
5, 257, 203323
List the prime factors of 12982492.
2, 17, 71, 2689
What are the prime factors of 5635691055?
3, 5, 125237579
List the prime factors of 1226331337.
7, 11, 15926381
What are the prime factors of 1327638747?
3, 442546249
What are the prime factors of 12423872?
2, 17, 19, 601
What are the prime factors of 752569617?
3, 17, 43, 343169
What are the prime factors of 1847542220?
2, 5, 92377111
List the prime factors of 51078593.
19, 349, 7703
List the prime factors of 267987970.
2, 5, 19, 1410463
What are the prime factors of 685433272?
2, 85679159
What are the prime factors of 9806147?
13, 19, 29, 37
What are the prime factors of 12476183?
163, 76541
List the prime factors of 24030105.
3, 5, 11, 145637
List the prime factors of 624456254.
2, 389, 802643
List the prime factors of 701952794.
2, 151, 409, 5683
What are the prime factors of 19017201?
3, 7, 905581
What are the prime factors of 51023174?
2, 4877, 5231
What are the prime factors of 12580331?
577, 21803
What are the prime factors of 10082126?
2, 191, 26393
List the prime factors of 119952382.
2, 11, 45061
List the prime factors of 353678214.
2, 3, 59, 999091
What are the prime factors of 5245980518?
2, 31, 84612589
List the prime factors of 373978607.
823, 454409
List the prime factors of 153157922.
2, 76578961
List the prime factors of 9628841.
29, 547, 607
List the prime factors of 1899109971.
3, 11, 2011, 9539
What are the prime factors of 5104759742?
2, 29, 197, 446767
List the prime factors of 162951457.
162951457
What are the prime factors of 78887345?
5, 15777469
List the prime factors of 557979585.
3, 5, 2719, 13681
What are the prime factors of 41656873?
19, 257, 449
What are the prime factors of 82964354?
2, 11, 73, 51659
What are the prime factors of 4427428089?
3, 7, 19, 11096311
List the prime factors of 2865649884.
2, 3, 941, 253777
What are the prime factors of 405057395?
5, 81011479
What are the prime factors of 83226691?
1531, 54361
List the prime factors of 128207865.
3, 5, 23, 371617
List the prime factors of 604327877.
604327877
List the prime factors of 2400783177.
3, 13, 61558543
What are the prime factors of 40836361?
1187, 34403
List the prime factors of 6350605434.
2, 3, 367, 961339
List the prime factors of 360884225.
5, 13, 1110413
What are the prime factors of 265635522?
2, 3, 157, 93997
What are the prime factors of 3491781586?
2, 113, 811, 19051
What are the prime factors of 205502678?
2, 102751339
What are the prime factors of 8615331?
3, 227, 4217
List the prime factors of 2030684091.
3, 443, 1527979
What are the prime factors of 1065116154?
2, 3, 23, 2473, 3121
What are the prime factors of 102207951?
3, 139, 81701
What are the prime factors of 2935230274?
2, 4637, 316501
List the prime factors of 1467338867.
17, 53, 1628567
What are the prime factors of 436413567?
3, 31, 199, 23581
List the prime factors of 800463875.
5, 6403711
What are the prime factors of 3576746155?
5, 37, 19333763
List the prime factors of 57586048.
2, 13, 34607
What are the prime factors of 6550479823?
6550479823
What are the prime factors of 448202693?
41, 229, 47737
List the prime factors of 43900796.
2, 37, 296627
What are the prime factors of 3561267749?
13, 41, 463, 14431